504.
2, 3, 193771
What are the prime factors of 22593669?
3, 7, 211, 5099
List the prime factors of 188512.
2, 43, 137
What are the prime factors of 7667?
11, 17, 41
What are the prime factors of 133220?
2, 5, 6661
List the prime factors of 5504558.
2, 337, 8167
List the prime factors of 1153656.
2, 3, 7, 109
List the prime factors of 10724305.
5, 419, 5119
What are the prime factors of 107052?
2, 3, 11, 811
List the prime factors of 29735642.
2, 23, 37, 17471
What are the prime factors of 624284?
2, 156071
List the prime factors of 215859.
3, 7, 19, 541
What are the prime factors of 76619?
17, 4507
What are the prime factors of 16433161?
281, 58481
What are the prime factors of 203210?
2, 5, 7, 2903
What are the prime factors of 1233231?
3, 17, 24181
List the prime factors of 363500.
2, 5, 727
List the prime factors of 13777670.
2, 5, 877, 1571
List the prime factors of 81538.
2, 59, 691
What are the prime factors of 3111765?
3, 5, 17, 12203
List the prime factors of 22031138.
2, 1021, 10789
What are the prime factors of 687060?
2, 3, 5, 11, 347
What are the prime factors of 343818?
2, 3, 6367
What are the prime factors of 33967882?
2, 13, 331, 3947
What are the prime factors of 324996?
2, 3, 7, 53, 73
What are the prime factors of 2961576?
2, 3, 13711
List the prime factors of 221770.
2, 5, 67, 331
What are the prime factors of 30859?
30859
What are the prime factors of 1010960?
2, 5, 12637
List the prime factors of 212312.
2, 26539
What are the prime factors of 1776352?
2, 55511
What are the prime factors of 1375044?
2, 3, 11, 947
List the prime factors of 10957.
10957
List the prime factors of 3253620.
2, 3, 5, 211, 257
List the prime factors of 290477.
11, 26407
What are the prime factors of 9143946?
2, 3, 7, 31, 2341
List the prime factors of 817246.
2, 408623
What are the prime factors of 8773784?
2, 67, 16369
List the prime factors of 5772342.
2, 3, 233, 4129
What are the prime factors of 14067565?
5, 2813513
What are the prime factors of 139164?
2, 3, 11597
List the prime factors of 29077.
29077
What are the prime factors of 172630?
2, 5, 61, 283
List the prime factors of 32181.
3, 17, 631
List the prime factors of 5084.
2, 31, 41
List the prime factors of 3184278.
2, 3, 530713
List the prime factors of 18979144.
2, 2372393
List the prime factors of 3198604.
2, 799651
What are the prime factors of 8813351?
353, 24967
What are the prime factors of 4951733?
4951733
List the prime factors of 1246795.
5, 11, 22669
List the prime factors of 201323.
109, 1847
List the prime factors of 366022.
2, 23, 73, 109
List the prime factors of 1426088.
2, 178261
What are the prime factors of 27186762?
2, 3, 4531127
What are the prime factors of 4133466?
2, 3, 229637
List the prime factors of 4889876.
2, 821, 1489
List the prime factors of 2666428.
2, 666607
What are the prime factors of 592401?
3, 19, 547
What are the prime factors of 6346918?
2, 307, 10337
What are the prime factors of 448678?
2, 263, 853
List the prime factors of 8112.
2, 3, 13
What are the prime factors of 3146271?
3, 419, 2503
What are the prime factors of 15611373?
3, 37, 5209
List the prime factors of 6364058.
2, 3182029
List the prime factors of 923024.
2, 57689
List the prime factors of 936874.
2, 29, 557
What are the prime factors of 991405?
5, 198281
List the prime factors of 1866677.
1866677
List the prime factors of 5903661.
3, 19, 103573
What are the prime factors of 758610?
2, 3, 5, 8429
What are the prime factors of 997176?
2, 3, 41549
What are the prime factors of 241804?
2, 61, 991
What are the prime factors of 144618?
2, 3, 24103
List the prime factors of 3561874.
2, 17, 104761
What are the prime factors of 146150?
2, 5, 37, 79
List the prime factors of 237738.
2, 3, 39623
What are the prime factors of 3451613?
11, 313783
List the prime factors of 4837482.
2, 3, 13, 2297
What are the prime factors of 350178?
2, 3, 58363
List the prime factors of 970941.
3, 323647
What are the prime factors of 9543750?
2, 3, 5, 509
List the prime factors of 3482847.
3, 37, 10459
List the prime factors of 337152.
2, 3, 439
What are the prime factors of 464383?
464383
What are the prime factors of 743333?
743333
What are the prime factors of 432578?
2, 216289
List the prime factors of 34549547.
131, 263737
List the prime factors of 60892.
2, 13, 1171
What are the prime factors of 284987?
521, 547
What are the prime factors of 1729744?
2, 108109
List the prime factors of 367548.
2, 3, 109, 281
List the prime factors of 1051463.
7, 150209
List the prime factors of 1608566.
2, 804283
List the prime factors of 18256589.
13, 17, 82609
What are the prime factors of 11916508?
2, 661, 4507
List the prime factors of 1438756.
2, 11, 19, 1721
List the prime factors of 8268820.
2, 5, 7, 59063
List the prime factors of 186554.
2, 37, 2521
What are the prime factors of 1671032?
2, 11, 17, 1117
What are the prime factors of 728834?
2, 364417
List the prime factors of 369246.
2, 3, 19, 41, 79
List the prime factors of 18788697.
3, 31, 67343
List the prime factors of 25613.
7, 3659
What are the prime factors of 674822?
2, 337411
What are the prime factors of 714912?
2, 3, 11, 677
What are the prime factors of 133766?
2, 66883
What are the prime factors of 10201064?
2, 1275133
What are the prime factors of 54280?
2, 5, 23, 59
List the prime factors of 3724678.
2, 101, 18439
List the prime factors of 819868.
2, 7, 47, 89
List the prime factors of 11901271.
79, 150649
What are the prime factors of 1724079?
3, 7, 19, 29, 149
List the prime factors of 187630.
2, 5, 29, 647
List the prime factors of 1199463.
3, 73, 5477
What are the prime factors of 11531360?
2, 5, 97, 743
What are the prime factors of 5090012?
2, 419, 3037
What are the prime factors of 14803856?
2, 925241
What are the prime factors of 4009559?
1031, 3889
List the prime factors of 3922485.
3, 5, 7, 37357
What are the prime factors of 961921?
73, 13177
List the prime factors of 26048496.
2, 3, 29, 18713
List the prime factors of 1334751.
3, 11, 3677
List the prime factors of 1472674.
2, 7, 37, 2843
List the prime factors of 21284946.
2, 3, 127, 9311
What are the prime factors of 3865510?
2, 5, 11, 35141
List the prime factors of 897644.
2, 11, 23, 887
List the prime factors of 268816.
2, 53, 317
List the prime factors of 6510962.
2, 131, 24851
List the prime factors of 20324264.
2, 2540533
What are the prime factors of 172180?
2, 5, 8609
What are the prime factors of 6860171?
6860171
What are the prime factors of 4524671?
89, 50839
List the prime factors of 698019.
3, 7, 43, 773
What are the prime factors of 3430748?
2, 857687
List the prime factors of 8276592.
2, 3, 269, 641
What are the prime factors of 3389088?
2, 3, 43, 821
What are the prime factors of 35797176?
2, 3, 241, 2063
List the prime factors of 6326922.
2, 3, 7, 97, 1553
What are the prime factors of 6295161?
3, 241, 8707
What are the prime factors of 24183822?
2, 3, 13, 310049
List the prime factors of 514680.
2, 3, 5, 4289
What are the prime factors of 425329?
425329
What are the prime factors of 3284454?
2, 3, 19, 47, 613
What are the prime factors of 5917623?
3, 1972541
List the prime factors of 369279.
3, 47, 97
List the prime factors of 3905790.
2, 3, 5, 7, 2657
What are the prime factors of 1138349?
733, 1553
List the prime factors of 12164585.
5, 23, 139, 761
List the prime factors of 7440550.
2, 5, 13, 11447
List the prime factors of 158135.
5, 31627
List the prime factors of 1476028.
2, 369007
List the prime factors of 1726076.
2, 11, 39229
List the prime factors of 677363.
83, 8161
List the prime factors of 284787.
3, 31643
What are the prime factors of 6392778?
2, 3, 7, 19, 8011
List the prime factors of 887569.
887569
What are the prime factors of 3967530?
2, 3, 5, 7, 2699
List the prime factors of 244701.
3, 19, 53
What are the prime factors of 10801289?
10801289
What are the prime factors of 2539017?
3, 13, 21701
What are the prime factors of 462509?
113, 4093
What are the prime factors of 5985011?
5985011
What are the prime factors of 5930055?
3, 5, 131779
What are the prime factors of 899564?
2, 224891
List the prime factors of 6058452.
2, 3, 504871
List the prime factors of 4380232.
2, 547529
What are the prime factors of 3720594?
2, 3, 620099
What are the 